8
Let l(n) = n**2 - 9*n + 10. Let p be l(3). Let r be (-27768)/(-84) - -2*p/28. What is the highest common divisor of 44 and r?
22
Suppose 3*x + 4*h = 15547, -584*h + 579*h = 40. What is the greatest common factor of 9 and x?
9
Let r(j) = 22*j + 1986. Let a be r(-89). What is the highest common divisor of a and 6132?
28
Suppose 0 = -y - 4*b + 2013, -23*b - 2011 = -y - 26*b. Calculate the highest common divisor of 15 and y.
5
Suppose 618 = 3*p - 11*y + 4*y, -3*p = -5*y - 606. What is the highest common divisor of p and 128?
64
Let x = -10624 + 10654. What is the highest common divisor of 1545 and x?
15
Let n(h) = -3*h**2 + 5*h + 10. Let g be n(-3). Let a = g + 48. Let u = 140 - a. What is the greatest common factor of 31 and u?
31
Suppose 74*j + 436209 - 4179201 = -65*j. What is the highest common factor of j and 136?
136
Let t = -483 - -488. Suppose 660 = t*l - 5*o, 4*l + 0*o - 5*o = 525. What is the greatest common divisor of l and 75?
15
Let u = 10511 + -9744. What is the greatest common factor of u and 13?
13
Let a be 5 + 590*((-9)/12)/((-18)/12). Let f(h) = 4*h**2 - 5*h - 4. Let j be f(4). Calculate the greatest common divisor of j and a.
20
Let z = 15854 + -15493. Calculate the highest common factor of 722 and z.
361
Let z(n) = 3*n**2 + 6*n + 58. Let v be z(16). Let l = -900 + v. Calculate the highest common factor of 506 and l.
22
Let p = -215 - -167. Let g = p + 112. What is the highest common divisor of 4 and g?
4
Let b = 453 + -442. Let h(p) = -5*p - 73. Let q be h(-30). Calculate the greatest common divisor of q and b.
11
Let h = -439 + 1469. What is the highest common factor of 20 and h?
10
Suppose 121 + 85 = 10*h + 6. What is the greatest common divisor of h and 135?
5
Let w = -36070 + 36154. What is the highest common factor of w and 3248?
28
Let n(p) = 2*p**2 + 26*p - 292. Let q be n(-22). Calculate the highest common factor of 78 and q.
26
Let b(v) = 49*v**3 - 34*v**2 + 102*v. Let x be b(3). What is the highest common factor of x and 54?
27
Let a be ((-34)/8)/((-1)/68). Let j = 333 - a. Calculate the greatest common factor of 220 and j.
44
Suppose 342*n = 35*n + 85960. Calculate the highest common factor of 3150 and n.
70
Let v(i) = -i**3 - 37*i**2 - 34*i + 45. Let c be v(-36). Let u be (198/c)/(2/(-57)). What is the highest common factor of u and 33?
11
Suppose -2*t + 9304 = -153*n + 156*n, -4*n + 16 = 0. Calculate the highest common factor of t and 46.
46
Let l(g) = -2*g**2 + 118*g + 28. Let q be l(14). Calculate the greatest common divisor of 112 and q.
56
Suppose 0 = -171*b + 52135 + 23447. Let u(f) = f**2 + 6*f - 6. Let j be u(4). What is the highest common factor of j and b?
34
Let m(x) = -9*x + 1. Let d be m(-2). Suppose -98 = 35*l + 217. Let w be 12 + l + 4 + 126. What is the highest common divisor of d and w?
19
Let k(x) = x**2 - 6*x - 59. Let n be k(11). Let q(a) = -a**3 + 7*a**2 + 23*a + 59. Let r be q(n). Calculate the greatest common factor of 13 and r.
13
Let z be 22/(-17 + 6) - (-91 - 1). What is the highest common divisor of z and 72?
18
Let y = 8597 + -8372. What is the greatest common factor of 465 and y?
15
Suppose -2*a - 2*a + 96 = 0. Let g = -74 + 79. Suppose g*b - 83 - 97 = 0. Calculate the highest common divisor of a and b.
12
Let u = 36150 - 31925. What is the greatest common factor of 225 and u?
25
Let d(s) = s**3 + 35*s**2 - 338*s - 148. Let l be d(-36). Calculate the highest common divisor of 7 and l.
7
Suppose -b - 115 = -2*b. Let x = -3 + b. Suppose 46*a + 1532 = 2268. What is the highest common divisor of a and x?
16
Suppose 4*i + 39 = 83. Suppose -2*j = 5*o - 24, i*o - 15*o = 3*j - 36. What is the highest common factor of j and 6?
6
Suppose 5*s - 49 = -3*z, 4*s - z = 3*z + 52. Suppose 0*y = -s*y + 495. Let u = -43 + y. Calculate the greatest common factor of 16 and u.
2
Suppose -1028*l + 594 = 3*d - 1031*l, -l = -2*d + 402. Calculate the highest common factor of d and 444.
12
Let b be (-1)/(-4) + (20 - 344906/(-248)). Let y = -38 - -55. What is the greatest common factor of y and b?
17
Suppose -240*w = 43*w - 12549635. Calculate the highest common factor of 49 and w.
49
Let o(z) = -5*z**3 - 39*z**2 - 12*z - 11. Let i be 18/72 + (-37)/4. Let m be o(i). What is the highest common divisor of 11 and m?
11
Let v(l) = 301*l + 3040. Let y be v(-10). Calculate the highest common divisor of y and 1450.
10
Suppose 0 = 3*i - 7935 + 7905. What is the highest common divisor of i and 2055?
5
Suppose -168*k = 98*k - 82*k - 6291328. What is the highest common divisor of 16 and k?
16
Suppose 0 = 5*g - 4*s - 52, -3*g - 8*s + 20 = -9*s. Let h be -12 + (-2 + 2 - 0). Let r = -8 - h. Calculate the highest common factor of r and g.
4
Let j be (248/(-10))/((-6)/15). Let f be ((-20)/60 + 4/48 + 0)*-124. What is the greatest common divisor of f and j?
31
Let f be 1278/(-1491)*(-21)/6. Calculate the highest common factor of 1959 and f.
3
Let g be (((-238)/63)/17)/(2/24)*-54. Let x be 1254/21 + (-2)/(-7). What is the greatest common factor of x and g?
12
Suppose -3*w + 473 = 3*l - 244, 5*l - w = 1159. Calculate the greatest common factor of 8854 and l.
233
Suppose -79*y - 2*y + 21624 = 21*y. Calculate the greatest common divisor of y and 5194.
106
Suppose 3*i - 2*f - 2485 = 0, 26*i = 31*i - 5*f - 4150. What is the highest common factor of i and 105?
15
Let i be 50490/(-918)*(-65 - 0). What is the highest common factor of i and 91?
13
Suppose w - 48 - 16 = 0. Let t(x) = 10*x**2 - 10. Let s be t(-7). Suppose -3*k = 3*o - s, 320 = 2*o - 5*k + 2*k. What is the greatest common factor of o and w?
32
Let g(f) be the first derivative of -2*f**2 - 43*f + 3. Let t be g(-15). Suppose 15*j - 89 = 166. Calculate the greatest common factor of t and j.
17
Let s(q) = -q**3 - 15*q**2 - 17*q - 10. Let z = 8 - 17. Let y = -5 + z. Let d be s(y). Calculate the highest common factor of d and 4.
4
Suppose -199*z - 324654 = -2049984. What is the highest common divisor of z and 204?
102
Let i = 7011 - 6109. Calculate the greatest common factor of 2993 and i.
41
Let x = 1 + -85. Let h = -59 - x. What is the greatest common divisor of h and 25?
25
Let j(b) = -11*b + 16. Let q be j(-8). Let z = 181 + -253. Let y = -64 - z. What is the greatest common factor of q and y?
8
Let f be ((-1593)/(-295))/(6/20). Calculate the greatest common divisor of f and 1035.
9
Let t be 12/8*58/3. Suppose 876*o - 878*o = -116. What is the highest common factor of o and t?
29
Let u = 2925 + -2915. Let s be 2/4 - (-14)/4. Let r = s + u. What is the highest common factor of 14 and r?
14
Suppose -41*q - 840 = -43*q. Suppose 117*u + q = 123*u. What is the greatest common factor of u and 28?
14
Let y(g) = -2*g - 114 - 216 + 9*g + 24 - 2*g. Let p be y(64). What is the greatest common divisor of p and 63?
7
Let b(y) = -2*y**3 - y**2 + 6*y + 5. Let i be b(-3). Let j = 476 + -284. What is the highest common factor of i and j?
32
Let p be 136/238 + 1658*3/42. Suppose 111*g + 368 = p*g. Calculate the highest common divisor of g and 69.
23
Let o = -3742 - -6265. Let h = -1621 + o. Calculate the greatest common divisor of 22 and h.
22
Let y be (-2)/3*(-9)/2. Suppose 2*l + w + 3*w - 12 = 0, 2*l - 47 = y*w. What is the greatest common divisor of l and 56?
8
Let v = -7959 + 7971. Suppose f + 32 - 98 = 0. What is the greatest common factor of v and f?
6
Suppose -b - 71 = g + 34, -g = -2*b + 102. Let c be (10/16*6)/(g/(-416)). Let j = 9 - 3. Calculate the highest common factor of j and c.
3
Let u(b) = b**3 - 52*b**2 + 101*b - 36. Suppose 3*g - 6*z = -9*z + 141, 5*g - 238 = -4*z. Let c be u(g). Calculate the highest common divisor of c and 434.
14
Let g(p) = -2*p**2 + 8*p + 5. Let j = -91 - -224. Let v be 30/7 - 38/j. Let z be g(v). What is the greatest common factor of z and 40?
5
Let k = 1494 - 1066. Let p = -399 + k. What is the highest common factor of p and 667?
29
Suppose -29*o = -31*o - 4*i + 540, 0 = -o + i + 270. Calculate the greatest common divisor of 1458 and o.
54
Suppose 12*r = 3*r. Suppose -3*i - i + 192 = r. Let w = 424 + -406. Calculate the highest common factor of i and w.
6
Let x(s) = -15*s - 7. Let o be x(-3). Let p = o + -15. Suppose t = 94 + 21. What is the greatest common factor of t and p?
23
Let q = 9485 - 9341. What is the greatest common factor of q and 306?
18